 = q + 3*q. Is q composite?
False
Is 2 + (-8)/(-2)*(-179370)/(-120) a prime number?
True
Let i be ((-560)/(-30))/(2/(-144)). Let p = 1931 + i. Is p a prime number?
True
Let j(r) = -r**3 - 16*r**2 + 14*r + 16. Suppose 2*d + 13 = -w, 3*w + 3*d + 11 = 2*w. Is j(w) prime?
True
Suppose 0 = 2*r - 5*x - 26, 2*r + 13 = r - 4*x. Suppose 0 = -3*k - 2*b + r, -2*k - k - 3*b = -6. Is -429*3/9*k prime?
False
Let s be -1049 - (-4 + (6 - 4)). Let k = -550 - s. Is k composite?
True
Suppose 4*p + 949 = l, -4*l + 3710 = 2*p - 158. Let t = -126 + l. Is t composite?
False
Suppose 150 = -i - 83. Let p = 424 + i. Is p prime?
True
Let y = 22 + -8. Let j(r) = y + 93*r - 20*r - 3. Is j(12) prime?
True
Is (5 - 13131)/(-3 - -1) prime?
True
Let z(q) = -q**3 - q**2 + q + 1. Suppose -5 - 3 = 4*r. Let u be z(r). Is u/(-15) - 1548/(-15) prime?
True
Let h(d) = 178*d**2 - 6*d + 19. Is h(-8) a prime number?
False
Let t(m) = 61*m**3 - 4*m**2 + 4*m - 2. Let o be 2*(-3 + (-12)/(-3)). Let j be t(o). Suppose 0 = -4*c + j + 94. Is c composite?
True
Let b = 22 - 19. Let m(y) = 4*y**3 - y**2 - 2*y - 4. Is m(b) a composite number?
False
Suppose 0 = -4*j - 3*x + 2775, -4*x - 2080 = -3*j - 5*x. Let w = j - 362. Is w a prime number?
True
Let f(q) = 3*q**2 - 9 + 4*q + 0*q**2 + 4*q**2 - q. Is f(4) a composite number?
True
Let j(q) = 10915*q - 85. Is j(2) a prime number?
False
Suppose 3*m + 2*m = 5*v - 10, 3*v - 4 = 4*m. Suppose -c = -x + 4*c - 10, -v*x - 25 = -5*c. Is (x - -2) + (-66)/(-3) a composite number?
False
Let j = 22 + -28. Let h be -6 - j - (-8)/2. Suppose 0 = 4*g - 2*k - 3454, g - 4328 = -h*g - k. Is g composite?
True
Let a(q) = -16*q**2 + q**3 - 14*q + 29*q**2 - 5 + 0*q. Is a(-12) a prime number?
True
Let r = 611 + -324. Suppose 0 = n - r - 20. Is n prime?
True
Let h = -1459 + 2451. Let n = h - -7413. Is 4/18 + n/45 prime?
False
Let r = 9077 + -4584. Is r a composite number?
False
Is (164 - 1) + (-18)/3 a composite number?
False
Suppose -91969 = -33*o - 10558. Is o a composite number?
False
Suppose -1944*m + 2 = -1943*m. Let p(d) = d**3 - d**2 + 1. Let f be p(2). Suppose m*z - 4*n = -6*n + 108, 0 = -4*z - f*n + 221. Is z composite?
True
Suppose -26*t = 19591 - 78845. Is t composite?
True
Let v(d) = d**2 - 8*d + 4. Let t be v(8). Suppose -7*c + 1317 = -t*c. Is c prime?
True
Let c = 2026 - -1468. Let z = 6337 - c. Is z a composite number?
False
Let w be (-11661)/(-9) - 10/15. Let q = w - 732. Is q a composite number?
False
Let j(g) = -g + 2706. Let l be j(0). Is ((-1)/(-2))/(11/l) a prime number?
False
Let z(n) = 799*n + 46. Let w be z(10). Let c = w - 3778. Is c a prime number?
False
Suppose 0 = 3*q + 3*f - 36, -f - 11 = -q + 5. Is -17*q/((-4)/2) composite?
True
Is -1*(-28506)/(2 - -4) a composite number?
False
Let s = 4 + 1. Suppose 4*k = 2*k - p + 5, -s*p = 25. Suppose w - 6*w = -4*o - 707, -5*w - k*o = -680. Is w a composite number?
False
Let j(v) = 12778*v**3 - v**2 - 8*v + 8. Is j(1) prime?
False
Suppose 3*r = -r - k + 993, 3*r + 3*k = 738. Suppose -3*w + 1998 = r. Is w a composite number?
True
Let j(r) = -2*r**3 + 7 + 2*r + 112*r**2 - 211*r**2 + 105*r**2. Is j(-4) a composite number?
False
Let n(v) = -1365*v - 43. Is n(-40) prime?
False
Let h(q) = 2*q**2 - 47*q - 83. Is h(42) a composite number?
False
Let c be 4 - (0 + 0 + 1). Suppose -c*h - 30 - 339 = -3*m, -4*h - 238 = -2*m. Is m a prime number?
True
Is 14251 - 2 - (19 + (-9 - 4)) a prime number?
True
Suppose -394 = -4*c + 406. Suppose 0 = y - 39 - c. Is y prime?
True
Is 135/25 + -5 + 827893/55 a prime number?
True
Suppose -3*m = v - 8476, 5*v + 5*m - 28950 = 13380. Is v a composite number?
False
Let z(y) = 17*y**2 - 6*y + 3. Suppose m - 14 = -10. Is z(m) a composite number?
False
Let r(m) = m**3 + m**2 + 5*m - 7. Let o(c) = -2*c**3 - c**2 - 11*c + 15. Let b(i) = -3*o(i) - 5*r(i). Let k be b(7). Suppose -6*w + k = -3*w. Is w composite?
False
Suppose -762*i + 746*i + 58352 = 0. Is i prime?
False
Let s be 3 + -2 + 1 + -10. Let x(p) = p**3 + 7*p**2 - 7*p + 11. Let u be x(s). Suppose -455 = -3*g + 4*v, -u*g + 2*v + 749 = 2*g. Is g prime?
True
Is 13/(26/20) + 8809 prime?
True
Suppose 194*s + 11815 = 199*s. Is s composite?
True
Suppose 5*h + 2*a - 158779 = 0, 158803 = 10*h - 5*h - 6*a. Is h composite?
True
Let a = -86 + 240. Let v = 15 + -10. Suppose -5*k - a = -3*s, 2*s - 260 = -3*s + v*k. Is s composite?
False
Let g = 31 + -27. Suppose -5*d = -f + 11, -f - 5*d = 3*f + 6. Suppose -3*i + j + 97 = -f, g*j = -i + 37. Is i a prime number?
False
Let i(c) = 61*c**2 - 2*c - 5. Let a be i(-3). Is 3 - (a/(-15))/(3/9) prime?
True
Let n(z) be the second derivative of 2*z**4/3 + 7*z**2/2 + 18*z. Let j be -7 - (-1)/((-2)/(-2)). Is n(j) composite?
True
Let w(j) = -5*j**2 - j + 11. Let s(a) = -5*a**2 + 10. Let u(i) = 3*s(i) - 4*w(i). Is u(-10) a composite number?
True
Let z = -3 - 10. Let i be 4/6*(10 + z). Is -4 - (4 + i - 299) prime?
True
Let m be (-1053)/(-65) + (-2)/10. Suppose 5*q - 4 = m. Suppose 2*h - 136 = f, 2*h = q*f + f + 144. Is h prime?
True
Let m(a) = -a**3 - 3*a**2 - a + 4. Let f(u) = -u**2 - 8*u - 3. Let l be f(-8). Let b be m(l). Suppose -b = 3*c - 316. Is c composite?
False
Suppose 3*b - 2 = 13. Suppose -b*h - 4*w + 731 = 0, -h - 3*w = -2*w - 147. Is h a composite number?
True
Is (149014/3)/(12 - 374/33) prime?
True
Suppose -5*a + y - 38 = 5*y, 0 = -4*a + 2*y - 46. Let v(s) = -22*s + 8*s - 3 + 3*s + 0*s - 48*s. Is v(a) a composite number?
False
Let u(h) be the first derivative of 25*h**3/3 + 7*h**2/2 + 5*h + 2. Let i(a) = -a**2 + 19*a - 90. Let b be i(7). Is u(b) prime?
True
Suppose b = 1 - 0. Suppose 13 - b = 2*c. Let o(i) = i**3 - 7*i**2 + 8*i + 2. Is o(c) a composite number?
True
Let z = 0 + 0. Let m = 6 - z. Is 328/m - 3/(-9) a composite number?
True
Is (5 + -31)/(4*1/(-4126)) composite?
True
Let h be (24/20)/(3/(-10)). Let s be (-2517)/h + (-9)/36. Suppose 0 = 4*a - s - 2087. Is a a composite number?
True
Suppose -1556*t = -1544*t - 41172. Is t a prime number?
False
Suppose -2*w = -32 - 4. Suppose -w = -l + 5*k, 4*k = l + k - 10. Is (51/l)/(1/(-2)) composite?
True
Suppose -2*u + 125 + 799 = 4*s, -3*s = -2*u + 938. Is u - -6*(-1)/(-2) a composite number?
True
Let t = -151 - -938. Is t a prime number?
True
Let d = -10559 - -17058. Is d a composite number?
True
Suppose -2*j - 8 = 0, 4*j = 5*m - 1552 - 2459. Is m composite?
True
Suppose s = -4*s - 295. Let t = s + -8. Let o = t - -136. Is o composite?
True
Let h = -4 - -8. Suppose 0 = -2*a + 4*z + h, -z + 0*z + 8 = 4*a. Suppose -170 = -2*s + 4*y, 3*s + 4*y - 271 = a*y. Is s a prime number?
True
Let n(p) be the third derivative of 0 + 0*p + 7*p**2 + 79/24*p**4 + 11/6*p**3. Is n(12) a composite number?
True
Let o be -10*(-2)/8*-4. Let n(f) = 46*f. Let k be n(o). Is (k + -14)*(-1)/3 a prime number?
False
Let m(p) = 459*p**2 - 3*p + 5. Let g be m(2). Suppose 4*q = 9*q - g. Is q a composite number?
False
Let i(l) = 10*l**2 + 3*l + 1. Let k be i(-2). Suppose 6*o + 2*j = 2*o + 6, 5*o - k = 3*j. Suppose o*p - 128 = 1292. Is p a prime number?
False
Let f(b) = 15*b**2 + b. Let d be f(-1). Let l = -9 + d. Suppose -4*t + 341 = -t - 2*j, -t - l*j + 91 = 0. Is t composite?
True
Suppose 7 = n + 2. Suppose 3 = d - n. Suppose -d*l + 10 = -3*l. Is l a composite number?
False
Is 23/(22032/(-3148) + 7) a composite number?
True
Let d(k) = 15*k**3 + 7*k**2 - 2*k - 13. Let g be d(5). Suppose g = -2*b + 7561. Is b prime?
True
Let v(g) be the second derivative of -g**3/6 - 13*g**2/2 + 3*g. Is v(-15) a composite number?
False
Let z = 60 - 25. Let l = z - -387. Is l composite?
True
Let f be -5 - 0 - (-2 + 2). Let q(p) = 23*p**2 + 6. Let v be q(f). Let u = v + -342. Is u prime?
True
Is 4/(219124/(-43828) + 5) prime?
True
Suppose 5*o = -3*g + 14053, 3*o = -0*g + g + 8443. Suppose -5*n - 4*m + o = 0, n + 580 = 2*n - 5*m. Is n composite?
True
Let r(s) = 10 + 12 - s**3 + 7*s + 21*s**2 - 2 + 4*s. Let w be r(15). Suppose a + w = 6*a. Is a a prime number?
True
Let i(g) = 39*g + 68. Suppose -14*l - 157 = -451. Is i(l) prime?
True
Let l = 22 - 19. Suppose 4*m - 14 = -l*v, -5*v = -3*m - 0*m - 4. Suppose -v*a + 50 = -144. Is a a prime number?
True
Let x(o) = 2*o**2 - 5*o - 5. Let j be x(5). Suppose 15*q + 1465 = j*q. Is q composite?
False
Suppose 0 = 4*b + 5*p - 4763, 2545 = 2*b - 3*p + 158. Suppose 6*s + b 